visor of 10 and 12895.
5
Calculate the greatest common divisor of 23 and 253.
23
What is the highest common divisor of 28 and 1246?
14
What is the highest common divisor of 442 and 272?
34
Calculate the highest common factor of 6118 and 57.
19
Calculate the greatest common divisor of 88 and 11.
11
Calculate the greatest common divisor of 203 and 7.
7
Calculate the highest common divisor of 60 and 105.
15
Calculate the highest common divisor of 646 and 34.
34
Calculate the greatest common divisor of 30 and 1470.
30
What is the highest common factor of 3 and 7?
1
What is the highest common divisor of 24 and 424?
8
Calculate the highest common divisor of 15 and 2595.
15
What is the greatest common factor of 1 and 2?
1
What is the greatest common divisor of 126 and 3150?
126
What is the highest common divisor of 903 and 1032?
129
Calculate the highest common factor of 64 and 3776.
64
Calculate the highest common divisor of 171 and 162.
9
Calculate the highest common factor of 202 and 202.
202
Calculate the greatest common factor of 6 and 885.
3
Calculate the greatest common divisor of 4 and 2.
2
Calculate the highest common factor of 64 and 128.
64
What is the highest common divisor of 54 and 1026?
54
Calculate the greatest common factor of 2051 and 7.
7
Calculate the highest common factor of 2336 and 160.
32
What is the greatest common divisor of 126 and 414?
18
Calculate the greatest common divisor of 72 and 144.
72
What is the greatest common factor of 875 and 375?
125
Calculate the highest common factor of 16 and 1408.
16
Calculate the greatest common factor of 255 and 12.
3
Calculate the highest common factor of 74 and 9250.
74
Calculate the highest common divisor of 3038 and 62.
62
Calculate the highest common factor of 2682 and 18.
18
What is the greatest common divisor of 34 and 374?
34
What is the highest common divisor of 567 and 2349?
81
What is the greatest common factor of 36 and 2214?
18
Calculate the highest common divisor of 380 and 20.
20
Calculate the greatest common factor of 4 and 11.
1
Calculate the greatest common divisor of 60 and 270.
30
What is the greatest common divisor of 304 and 19?
19
What is the greatest common factor of 1192 and 447?
149
Calculate the greatest common factor of 1133 and 721.
103
What is the highest common factor of 306 and 54?
18
What is the greatest common factor of 40 and 1230?
10
Calculate the greatest common divisor of 39445 and 49.
49
What is the highest common divisor of 124 and 1519?
31
Calculate the greatest common divisor of 55 and 11.
11
Calculate the highest common factor of 38 and 361.
19
Calculate the highest common divisor of 4814 and 232.
58
Calculate the greatest common factor of 9028 and 74.
74
What is the greatest common factor of 68848 and 208?
208
What is the greatest common divisor of 10320 and 129?
129
Calculate the greatest common divisor of 6885 and 54.
27
What is the highest common factor of 37 and 111?
37
Calculate the highest common factor of 30 and 21705.
15
What is the greatest common divisor of 1702 and 230?
46
Calculate the greatest common factor of 336 and 32.
16
What is the greatest common divisor of 4688 and 12?
4
What is the highest common divisor of 885 and 45?
15
What is the highest common divisor of 7 and 15778?
7
What is the highest common factor of 2 and 122?
2
What is the highest common factor of 19040 and 35?
35
Calculate the highest common divisor of 56 and 210.
14
Calculate the greatest common factor of 4 and 244.
4
What is the greatest common divisor of 5 and 1?
1
Calculate the highest common divisor of 24 and 808.
8
Calculate the greatest common divisor of 6 and 1266.
6
What is the greatest common divisor of 10 and 2885?
5
Calculate the greatest common divisor of 24 and 204.
12
Calculate the highest common factor of 1030 and 20.
10
Calculate the highest common factor of 187 and 44.
11
What is the highest common factor of 26 and 6812?
26
Calculate the highest common divisor of 49 and 245.
49
Calculate the greatest common divisor of 377 and 58.
29
Calculate the highest common factor of 2407 and 913.
83
What is the highest common divisor of 930 and 3906?
186
Calculate the highest common factor of 47180 and 28.
28
What is the highest common factor of 15 and 305?
5
Calculate the greatest common divisor of 235 and 141.
47
What is the highest common divisor of 1595 and 25?
5
Calculate the highest common divisor of 27 and 3456.
27
What is the highest common factor of 30 and 615?
15
Calculate the highest common factor of 26 and 4.
2
Calculate the greatest common factor of 296 and 222.
74
Calculate the highest common divisor of 602 and 126.
14
Calculate the greatest common factor of 3 and 211.
1
What is the highest common factor of 27 and 1737?
9
Calculate the greatest common divisor of 30 and 2190.
30
Calculate the highest common divisor of 49 and 7.
7
What is the highest common factor of 114 and 6?
6
What is the greatest common factor of 169 and 1?
1
What is the greatest common divisor of 35480 and 8?
8
Calculate the greatest common factor of 1166 and 88.
22
Calculate the highest common divisor of 154 and 5621.
77
What is the highest common divisor of 112 and 567?
7
Calculate the greatest common divisor of 2 and 363.
1
Calculate the greatest common factor of 282 and 658.
94
What is the highest common divisor of 57 and 48?
3
Calculate the greatest common factor of 2573 and 155.
31
What is the highest common divisor of 47 and 28999?
47
Calculate the highest common factor of 266 and 112.
14
What is the greatest common divisor of 150 and 1600?
50
Calculate the highest common divisor of 1725 and 69.
69
What is the greatest common factor of 250 and 50?
50
What is the highest common divisor of 1 and 21?
1
Calculate the greatest common factor of 95 and 475.
95
What is the greatest common factor of 1222 and 564?
94
Calculate the greatest common factor of 1649 and 17.
17
Calculate the greatest common divisor of 28 and 469.
7
What is the greatest common divisor of 3706 and 4142?
218
What is the highest common divisor of 358 and 2?
2
What is the highest common divisor of 385 and 70?
35
What is the greatest common factor of 350 and 266?
14
What is the greatest common divisor of 27 and 125?
1
What is the greatest common divisor of 69 and 92?
23
What is the highest common divisor of 190 and 420?
10
What is the greatest common factor of 49 and 2303?
49
What is the highest common factor of 11 and 8063?
11
Calculate the greatest common factor of 116 and 3683.
29
Calculate the greatest common divisor of 5 and 780.
5
Calculate the highest common divisor of 296 and 40.
8
Calculate the greatest common factor of 10 and 560.
10
What is the highest common divisor of 70 and 6965?
35
What is the highest common factor of 13 and 5213?
13
What is the greatest common divisor of 169 and 598?
13
Calculate the highest common divisor of 33 and 1254.
33
Calculate the highest common factor of 1 and 18.
1
What is the greatest common divisor of 442 and 26?
26
Calculate the greatest common divisor of 6071 and 26.
13
What is the highest common factor of 336 and 108?
12
Calculate the greatest common factor of 408 and 340.
68
Calculate the highest common divisor of 2020 and 80.
20
Calculate the greatest common divisor of 9 and 9459.
9
What is the greatest common divisor of 13025 and 25?
25
Calculate the greatest common factor of 40 and 2360.
40
What is the highest common divisor of 5963 and 267?
89
Calculate the highest common factor of 258 and 3182.
86
Calculate the highest common factor of 220 and 550.
110
What is the greatest common factor of 12 and 5550?
6
What is the greatest common factor of 34 and 323?
17
What is the greatest common factor of 49 and 32?
1
Calculate the greatest common factor of 612 and 17.
17
Calculate the greatest common factor of 442 and 26.
26
Calculate the highest common divisor of 2 and 1594.
2
Calculate the highest common divisor of 5 and 25.
5
What is the greatest common factor of 9 and 119?
1
What is the greatest common divisor of 440 and 600?
40
What is the greatest common factor of 5777 and 53?
53
Calculate the greatest common factor of 60 and 820.
20
Calculate the highest common factor of 328 and 8.
8
Calculate the highest common factor of 90 and 54.
18
Calculate th